[INFO] cloning repository https://github.com/GooseDB/Tetris
[INFO] running `Command { std: "git" "-c" "credential.helper=" "-c" "credential.helper=/workspace/cargo-home/bin/git-credential-null" "clone" "--bare" "https://github.com/GooseDB/Tetris" "/workspace/cache/git-repos/https%3A%2F%2Fgithub.com%2FGooseDB%2FTetris", kill_on_drop: false }`
[INFO] [stderr] Cloning into bare repository '/workspace/cache/git-repos/https%3A%2F%2Fgithub.com%2FGooseDB%2FTetris'...
[INFO] running `Command { std: "git" "rev-parse" "HEAD", kill_on_drop: false }`
[INFO] [stdout] e929305b0e1562f9f124828ed3dbb2ecb516cc2f
[INFO] checking GooseDB/Tetris against master#cfbc6d4cf1acbac5c025acf8ed68929caa551df3 for pr-75494-beta
[INFO] running `Command { std: "git" "clone" "/workspace/cache/git-repos/https%3A%2F%2Fgithub.com%2FGooseDB%2FTetris" "/workspace/builds/worker-2/source", kill_on_drop: false }`
[INFO] [stderr] Cloning into '/workspace/builds/worker-2/source'...
[INFO] [stderr] done.
[INFO] validating manifest of git repo https://github.com/GooseDB/Tetris on toolchain cfbc6d4cf1acbac5c025acf8ed68929caa551df3
[INFO] running `Command { std: "/workspace/cargo-home/bin/cargo" "+cfbc6d4cf1acbac5c025acf8ed68929caa551df3" "read-manifest" "--manifest-path" "Cargo.toml", kill_on_drop: false }`
[INFO] started tweaking git repo https://github.com/GooseDB/Tetris
[INFO] finished tweaking git repo https://github.com/GooseDB/Tetris
[INFO] tweaked toml for git repo https://github.com/GooseDB/Tetris written to /workspace/builds/worker-2/source/Cargo.toml
[INFO] crate git repo https://github.com/GooseDB/Tetris already has a lockfile, it will not be regenerated
[INFO] running `Command { std: "/workspace/cargo-home/bin/cargo" "+cfbc6d4cf1acbac5c025acf8ed68929caa551df3" "fetch" "--locked" "--manifest-path" "Cargo.toml", kill_on_drop: false }`
[INFO] [stderr]  Downloading crates ...
[INFO] [stderr]   Downloaded serde v1.0.37
[INFO] [stderr]   Downloaded msdos_time v0.1.5
[INFO] [stderr]   Downloaded bzip2 v0.3.2
[INFO] [stderr]   Downloaded sid v0.5.0
[INFO] [stderr]   Downloaded lyon_path v0.10.0
[INFO] [stderr]   Downloaded coreaudio-rs v0.7.0
[INFO] [stderr]   Downloaded euclid v0.17.2
[INFO] [stderr]   Downloaded cpal v0.6.0
[INFO] [stderr]   Downloaded gfx_device_gl v0.15.2
[INFO] [stderr]   Downloaded alga v0.5.3
[INFO] [stderr]   Downloaded lyon_geom v0.10.0
[INFO] [stderr]   Downloaded zip v0.3.1
[INFO] [stderr]   Downloaded serde_derive v1.0.37
[INFO] [stderr]   Downloaded serde_derive_internals v0.23.0
[INFO] [stderr]   Downloaded lyon v0.10.0
[INFO] [stderr]   Downloaded nalgebra v0.14.1
[INFO] [stderr]   Downloaded lyon_tessellation v0.10.0
[INFO] [stderr]   Downloaded ggez v0.4.2
[INFO] [stderr]   Downloaded rodio v0.6.0
[INFO] running `Command { std: "docker" "create" "-v" "/var/lib/crater-agent-workspace/builds/worker-2/target:/opt/rustwide/target:rw,Z" "-v" "/var/lib/crater-agent-workspace/builds/worker-2/source:/opt/rustwide/workdir:ro,Z" "-v" "/var/lib/crater-agent-workspace/cargo-home:/opt/rustwide/cargo-home:ro,Z" "-v" "/var/lib/crater-agent-workspace/rustup-home:/opt/rustwide/rustup-home:ro,Z" "-e" "SOURCE_DIR=/opt/rustwide/workdir" "-e" "CARGO_TARGET_DIR=/opt/rustwide/target" "-e" "CARGO_HOME=/opt/rustwide/cargo-home" "-e" "RUSTUP_HOME=/opt/rustwide/rustup-home" "-w" "/opt/rustwide/workdir" "-m" "1610612736" "--user" "0:0" "--network" "none" "rustops/crates-build-env@sha256:a636fd89d022f18117e1dc8fb37a0a009933cdbbe082814857f0e2024962d47c" "/opt/rustwide/cargo-home/bin/cargo" "+cfbc6d4cf1acbac5c025acf8ed68929caa551df3" "metadata" "--no-deps" "--format-version=1", kill_on_drop: false }`
[INFO] [stdout] 4b982e4bedb4f6b360ee36ad7edd9ef9493e0511b10d791eadac0ad917de49fa
[INFO] [stderr] WARNING: Your kernel does not support swap limit capabilities or the cgroup is not mounted. Memory limited without swap.
[INFO] running `Command { std: "docker" "start" "-a" "4b982e4bedb4f6b360ee36ad7edd9ef9493e0511b10d791eadac0ad917de49fa", kill_on_drop: false }`
[INFO] running `Command { std: "docker" "inspect" "4b982e4bedb4f6b360ee36ad7edd9ef9493e0511b10d791eadac0ad917de49fa", kill_on_drop: false }`
[INFO] running `Command { std: "docker" "rm" "-f" "4b982e4bedb4f6b360ee36ad7edd9ef9493e0511b10d791eadac0ad917de49fa", kill_on_drop: false }`
[INFO] [stdout] 4b982e4bedb4f6b360ee36ad7edd9ef9493e0511b10d791eadac0ad917de49fa
[INFO] running `Command { std: "docker" "create" "-v" "/var/lib/crater-agent-workspace/builds/worker-2/target:/opt/rustwide/target:rw,Z" "-v" "/var/lib/crater-agent-workspace/builds/worker-2/source:/opt/rustwide/workdir:ro,Z" "-v" "/var/lib/crater-agent-workspace/cargo-home:/opt/rustwide/cargo-home:ro,Z" "-v" "/var/lib/crater-agent-workspace/rustup-home:/opt/rustwide/rustup-home:ro,Z" "-e" "SOURCE_DIR=/opt/rustwide/workdir" "-e" "CARGO_TARGET_DIR=/opt/rustwide/target" "-e" "CARGO_INCREMENTAL=0" "-e" "RUST_BACKTRACE=full" "-e" "RUSTFLAGS=--cap-lints=forbid" "-e" "CARGO_HOME=/opt/rustwide/cargo-home" "-e" "RUSTUP_HOME=/opt/rustwide/rustup-home" "-w" "/opt/rustwide/workdir" "-m" "1610612736" "--user" "0:0" "--network" "none" "rustops/crates-build-env@sha256:a636fd89d022f18117e1dc8fb37a0a009933cdbbe082814857f0e2024962d47c" "/opt/rustwide/cargo-home/bin/cargo" "+cfbc6d4cf1acbac5c025acf8ed68929caa551df3" "check" "--frozen" "--all" "--all-targets" "--message-format=json", kill_on_drop: false }`
[INFO] [stdout] b382097afc3885e508ff50184b3f4d29bc92843fd9d49fcc00c8eb77b31d637a
[INFO] [stderr] WARNING: Your kernel does not support swap limit capabilities or the cgroup is not mounted. Memory limited without swap.
[INFO] running `Command { std: "docker" "start" "-a" "b382097afc3885e508ff50184b3f4d29bc92843fd9d49fcc00c8eb77b31d637a", kill_on_drop: false }`
[INFO] [stderr]     Checking num-traits v0.2.2
[INFO] [stderr]     Checking bitflags v1.0.1
[INFO] [stderr]    Compiling either v1.5.0
[INFO] [stderr]     Checking scopeguard v0.3.3
[INFO] [stderr]     Checking approx v0.1.1
[INFO] [stderr]    Compiling rayon-core v1.4.0
[INFO] [stderr]    Compiling pkg-config v0.3.9
[INFO] [stderr]    Compiling cc v1.0.9
[INFO] [stderr]     Checking lazy_static v0.2.11
[INFO] [stderr]     Checking adler32 v1.0.2
[INFO] [stderr]    Compiling matrixmultiply v0.1.14
[INFO] [stderr]     Checking rustc-serialize v0.3.24
[INFO] [stderr]     Checking bitflags v0.7.0
[INFO] [stderr]     Checking color_quant v1.0.0
[INFO] [stderr]     Checking lzw v0.10.0
[INFO] [stderr]     Checking scoped_threadpool v0.1.9
[INFO] [stderr]     Checking hound v1.1.0
[INFO] [stderr]     Checking claxon v0.3.1
[INFO] [stderr]    Compiling log v0.4.1
[INFO] [stderr]     Checking num_cpus v1.8.0
[INFO] [stderr]    Compiling sdl2-sys v0.31.0
[INFO] [stderr]     Checking ogg v0.4.1
[INFO] [stderr]     Checking time v0.1.39
[INFO] [stderr]     Checking stb_truetype v0.2.2
[INFO] [stderr]     Checking arrayvec v0.4.7
[INFO] [stderr]    Compiling syn v0.10.8
[INFO] [stderr]    Compiling proc-macro2 v0.3.5
[INFO] [stderr]     Checking unreachable v0.1.1
[INFO] [stderr]     Checking toml v0.4.6
[INFO] [stderr]     Checking draw_state v0.8.0
[INFO] [stderr]     Checking rand v0.3.22
[INFO] [stderr]    Compiling itertools v0.5.10
[INFO] [stderr]     Checking deflate v0.7.18
[INFO] [stderr]     Checking inflate v0.3.4
[INFO] [stderr]     Checking gif v0.9.2
[INFO] [stderr]     Checking lewton v0.5.2
[INFO] [stderr]    Compiling gl_generator v0.9.0
[INFO] [stderr]     Checking msdos_time v0.1.5
[INFO] [stderr]     Checking generic-array v0.8.3
[INFO] [stderr]     Checking crossbeam-epoch v0.3.1
[INFO] [stderr]    Compiling alsa-sys v0.1.1
[INFO] [stderr]    Compiling quote v0.5.1
[INFO] [stderr]     Checking num-traits v0.1.43
[INFO] [stderr]     Checking num-integer v0.1.36
[INFO] [stderr]     Checking euclid v0.17.2
[INFO] [stderr]     Checking sid v0.5.0
[INFO] [stderr]     Checking cgmath v0.14.1
[INFO] [stderr]     Checking ordered-float v0.5.0
[INFO] [stderr]     Checking enum_primitive v0.1.1
[INFO] [stderr]    Compiling syn v0.13.1
[INFO] [stderr]     Checking crossbeam-deque v0.2.0
[INFO] [stderr]     Checking num-iter v0.1.35
[INFO] [stderr]     Checking num-rational v0.1.42
[INFO] [stderr]     Checking rusttype v0.5.2
[INFO] [stderr]     Checking num v0.1.42
[INFO] [stderr]     Checking png v0.11.0
[INFO] [stderr]    Compiling bzip2-sys v0.1.6
[INFO] [stderr]     Checking cpal v0.6.0
[INFO] [stderr]     Checking lyon_geom v0.10.0
[INFO] [stderr]    Compiling gfx_gl v0.5.0
[INFO] [stderr]     Checking rayon v1.0.1
[INFO] [stderr]     Checking sdl2 v0.31.0
[INFO] [stderr]     Checking lyon_path v0.10.0
[INFO] [stderr]     Checking num-complex v0.1.43
[INFO] [stderr]     Checking bzip2 v0.3.2
[INFO] [stderr]     Checking lyon_tessellation v0.10.0
[INFO] [stderr]     Checking zip v0.3.1
[INFO] [stderr]     Checking alga v0.5.3
[INFO] [stderr]     Checking lyon v0.10.0
[INFO] [stderr]    Compiling serde_derive_internals v0.23.0
[INFO] [stderr]     Checking jpeg-decoder v0.1.14
[INFO] [stderr]    Compiling derivative v1.0.0
[INFO] [stderr]     Checking rodio v0.6.0
[INFO] [stderr]     Checking nalgebra v0.14.1
[INFO] [stderr]     Checking image v0.18.0
[INFO] [stderr]    Compiling serde_derive v1.0.37
[INFO] [stdout] error[E0119]: conflicting implementations of trait `std::ops::Mul<&_>` for type `geometry::translation::Translation<_, _>`:
[INFO] [stdout]    --> /opt/rustwide/cargo-home/registry/src/github.com-1ecc6299db9ec823/nalgebra-0.14.1/src/geometry/isometry_ops.rs:67:9
[INFO] [stdout]     |
[INFO] [stdout] 67  | /         impl<$($lives ,)* N: Real, D: DimName, R> $Op<$Rhs> for $Lhs
[INFO] [stdout] 68  | |             where R: AlgaRotation<Point<N, D>>,
[INFO] [stdout] 69  | |                   DefaultAllocator: Allocator<N, D> {
[INFO] [stdout] 70  | |             type Output = $Output;
[INFO] [stdout] ...   |
[INFO] [stdout] 75  | |             }
[INFO] [stdout] 76  | |         }
[INFO] [stdout]     | |         ^
[INFO] [stdout]     | |         |
[INFO] [stdout]     | |_________first implementation here
[INFO] [stdout]     |           conflicting implementation for `geometry::translation::Translation<_, _>`
[INFO] [stdout] ...
[INFO] [stdout] 285 | / isometry_binop_impl_all!(
[INFO] [stdout] 286 | |     Mul, mul;
[INFO] [stdout] 287 | |     self: Translation<N, D>, right: R, Output = Isometry<N, D, R>;
[INFO] [stdout] 288 | |     [val val] => Isometry::from_parts(self, right);
[INFO] [stdout] ...   |
[INFO] [stdout] 291 | |     [ref ref] => Isometry::from_parts(self.clone(), right.clone());
[INFO] [stdout] 292 | | );
[INFO] [stdout]     | |__- in this macro invocation
[INFO] [stdout]     |
[INFO] [stdout]     = note: downstream crates may implement trait `alga::linear::Rotation<geometry::point::Point<_, _>>` for type `&_`
[INFO] [stdout]     = note: this error originates in a macro (in Nightly builds, run with -Z macro-backtrace for more info)
[INFO] [stdout] 
[INFO] [stdout] 
[INFO] [stdout] error[E0119]: conflicting implementations of trait `std::ops::Mul<&_>` for type `&geometry::translation::Translation<_, _>`:
[INFO] [stdout]    --> /opt/rustwide/cargo-home/registry/src/github.com-1ecc6299db9ec823/nalgebra-0.14.1/src/geometry/isometry_ops.rs:67:9
[INFO] [stdout]     |
[INFO] [stdout] 67  | /         impl<$($lives ,)* N: Real, D: DimName, R> $Op<$Rhs> for $Lhs
[INFO] [stdout] 68  | |             where R: AlgaRotation<Point<N, D>>,
[INFO] [stdout] 69  | |                   DefaultAllocator: Allocator<N, D> {
[INFO] [stdout] 70  | |             type Output = $Output;
[INFO] [stdout] ...   |
[INFO] [stdout] 75  | |             }
[INFO] [stdout] 76  | |         }
[INFO] [stdout]     | |         ^
[INFO] [stdout]     | |         |
[INFO] [stdout]     | |_________first implementation here
[INFO] [stdout]     |           conflicting implementation for `&geometry::translation::Translation<_, _>`
[INFO] [stdout] ...
[INFO] [stdout] 285 | / isometry_binop_impl_all!(
[INFO] [stdout] 286 | |     Mul, mul;
[INFO] [stdout] 287 | |     self: Translation<N, D>, right: R, Output = Isometry<N, D, R>;
[INFO] [stdout] 288 | |     [val val] => Isometry::from_parts(self, right);
[INFO] [stdout] ...   |
[INFO] [stdout] 291 | |     [ref ref] => Isometry::from_parts(self.clone(), right.clone());
[INFO] [stdout] 292 | | );
[INFO] [stdout]     | |__- in this macro invocation
[INFO] [stdout]     |
[INFO] [stdout]     = note: downstream crates may implement trait `alga::linear::Rotation<geometry::point::Point<_, _>>` for type `&_`
[INFO] [stdout]     = note: this error originates in a macro (in Nightly builds, run with -Z macro-backtrace for more info)
[INFO] [stdout] 
[INFO] [stdout] 
[INFO] [stdout] error[E0592]: duplicate definitions with name `new`
[INFO] [stdout]    --> /opt/rustwide/cargo-home/registry/src/github.com-1ecc6299db9ec823/nalgebra-0.14.1/src/core/construction.rs:489:13
[INFO] [stdout]     |
[INFO] [stdout] 489 | /             pub fn new($($args: N),*) -> Self {
[INFO] [stdout] 490 | |                 unsafe {
[INFO] [stdout] 491 | |                     let mut res = Self::new_uninitialized();
[INFO] [stdout] 492 | |                     $( *res.get_unchecked_mut($irow, $icol) = $args; )*
[INFO] [stdout] ...   |
[INFO] [stdout] 495 | |                 }
[INFO] [stdout] 496 | |             }
[INFO] [stdout]     | |_____________^ duplicate definitions for `new`
[INFO] [stdout] ...
[INFO] [stdout] 501 | / componentwise_constructors_impl!(
[INFO] [stdout] 502 | |     /*
[INFO] [stdout] 503 | |      * Square matrices 1 .. 6.
[INFO] [stdout] 504 | |      */
[INFO] [stdout] ...   |
[INFO] [stdout] 643 | |     U6, U1, x:(0,0), y:(1,0), z:(2,0), w:(3,0), a:(4,0), b:(5,0);
[INFO] [stdout] 644 | | );
[INFO] [stdout]     | |__- in this macro invocation
[INFO] [stdout]     | 
[INFO] [stdout]    ::: /opt/rustwide/cargo-home/registry/src/github.com-1ecc6299db9ec823/nalgebra-0.14.1/src/core/construction_slice.rs:161:13
[INFO] [stdout]     |
[INFO] [stdout] 161 | /             pub fn new(data: &'a [N], $($args: usize),*) -> Self {
[INFO] [stdout] 162 | |                 Self::new_generic(data, $($gargs),*)
[INFO] [stdout] 163 | |             }
[INFO] [stdout]     | |_____________- other definition for `new`
[INFO] [stdout]     |
[INFO] [stdout]     = note: this error originates in a macro (in Nightly builds, run with -Z macro-backtrace for more info)
[INFO] [stdout] 
[INFO] [stdout] 
[INFO] [stdout] error[E0592]: duplicate definitions with name `new`
[INFO] [stdout]    --> /opt/rustwide/cargo-home/registry/src/github.com-1ecc6299db9ec823/nalgebra-0.14.1/src/core/construction.rs:489:13
[INFO] [stdout]     |
[INFO] [stdout] 489 | /             pub fn new($($args: N),*) -> Self {
[INFO] [stdout] 490 | |                 unsafe {
[INFO] [stdout] 491 | |                     let mut res = Self::new_uninitialized();
[INFO] [stdout] 492 | |                     $( *res.get_unchecked_mut($irow, $icol) = $args; )*
[INFO] [stdout] ...   |
[INFO] [stdout] 495 | |                 }
[INFO] [stdout] 496 | |             }
[INFO] [stdout]     | |_____________^ duplicate definitions for `new`
[INFO] [stdout] ...
[INFO] [stdout] 501 | / componentwise_constructors_impl!(
[INFO] [stdout] 502 | |     /*
[INFO] [stdout] 503 | |      * Square matrices 1 .. 6.
[INFO] [stdout] 504 | |      */
[INFO] [stdout] ...   |
[INFO] [stdout] 643 | |     U6, U1, x:(0,0), y:(1,0), z:(2,0), w:(3,0), a:(4,0), b:(5,0);
[INFO] [stdout] 644 | | );
[INFO] [stdout]     | |__- in this macro invocation
[INFO] [stdout]     | 
[INFO] [stdout]    ::: /opt/rustwide/cargo-home/registry/src/github.com-1ecc6299db9ec823/nalgebra-0.14.1/src/core/construction_slice.rs:218:13
[INFO] [stdout]     |
[INFO] [stdout] 218 | /             pub fn new(data: &'a mut [N], $($args: usize),*) -> Self {
[INFO] [stdout] 219 | |                 Self::new_generic_mut(data, $($gargs),*)
[INFO] [stdout] 220 | |             }
[INFO] [stdout]     | |_____________- other definition for `new`
[INFO] [stdout]     |
[INFO] [stdout]     = note: this error originates in a macro (in Nightly builds, run with -Z macro-backtrace for more info)
[INFO] [stdout] 
[INFO] [stdout] 
[INFO] [stdout] error: aborting due to 4 previous errors
[INFO] [stdout] 
[INFO] [stdout] 
[INFO] [stdout] Some errors have detailed explanations: E0119, E0592.
[INFO] [stdout] 
[INFO] [stdout] For more information about an error, try `rustc --explain E0119`.
[INFO] [stdout] 
[INFO] [stderr] error: could not compile `nalgebra`.
[INFO] [stderr] 
[INFO] [stderr] To learn more, run the command again with --verbose.
[INFO] [stderr] warning: build failed, waiting for other jobs to finish...
[INFO] [stderr] error: build failed
[INFO] running `Command { std: "docker" "inspect" "b382097afc3885e508ff50184b3f4d29bc92843fd9d49fcc00c8eb77b31d637a", kill_on_drop: false }`
[INFO] running `Command { std: "docker" "rm" "-f" "b382097afc3885e508ff50184b3f4d29bc92843fd9d49fcc00c8eb77b31d637a", kill_on_drop: false }`
[INFO] [stdout] b382097afc3885e508ff50184b3f4d29bc92843fd9d49fcc00c8eb77b31d637a
